e highest common divisor of 27 and d?
27
Suppose 3*l = -156 - 45. Let f = -37 - l. What is the greatest common factor of f and 40?
10
Let d(f) = -f**2 - f - 9. Let j(b) = -3*b**2 - 2*b - 17. Let x(c) = 9*d(c) - 4*j(c). Let y be x(8). Calculate the highest common factor of y and 57.
57
Suppose -44 = -3*w + 4*x, 5*w - 54 = -0*w - 3*x. Calculate the greatest common divisor of 132 and w.
12
Let y(o) = -3*o - 49. Let p be y(-15). Let v be 21/2 + p/16*6. Calculate the highest common divisor of 15 and v.
3
Let m(j) = 2*j**2 + 19*j + 7. Let x be m(-9). Let o be (-14)/(-4) - x/(-4). What is the greatest common factor of 3 and o?
3
Let i(k) = k**2 - 11*k + 15. Let l be i(10). Suppose -5 = -l*u + 5*y, y = -5*u - 4*y - 5. Let g be 7/(u + 3/9). What is the greatest common factor of 7 and g?
7
Let l = 23 - 20. Let w be 180011/(-39) - (-2)/l. Let y be (-4)/(-14) + w/(-91). What is the greatest common factor of y and 17?
17
Suppose 6*n - 11*n = -135. Suppose -135 - n = -3*p. Calculate the greatest common factor of p and 27.
27
Let z = -38 + 65. What is the greatest common divisor of 117 and z?
9
Let r = -101 + 163. Calculate the greatest common factor of r and 217.
31
Let d be (-98)/(-14) + 7 + -3. What is the greatest common divisor of d and 88?
11
Suppose -240*j = -233*j - 56. Calculate the greatest common factor of j and 392.
8
Suppose 2*q - 6 = -36. Let r = q + 45. Let b = r - -66. What is the highest common divisor of b and 12?
12
Let o(c) = -c**2 - 4*c + 3. Let i be o(-4). Suppose i*n - n - 24 = 0. Calculate the greatest common factor of n and 96.
12
Let c(w) = 9*w**2 - 36*w + 4. Let i be c(4). Let x(m) = 9*m - 10. Let o be x(6). Calculate the highest common divisor of i and o.
4
Let f = 6 + 194. What is the highest common divisor of f and 25?
25
Suppose 0 = -5*q + 25, q + 42 = -5*z - 213. Let o = z + 100. Calculate the highest common divisor of 120 and o.
24
Let n = 1055 - 431. Calculate the greatest common divisor of 13 and n.
13
Let r = -89 - -121. What is the greatest common divisor of 12 and r?
4
Let y = 18 + -22. Let a be (40/y)/(2/(-6)). Let w = 24 + a. Calculate the highest common factor of 18 and w.
18
Suppose -2*p + 2*l - 14 = -0*l, 55 = -4*p - 5*l. Let f be (-4)/p + (-374)/85. Let c be ((-550)/f)/(5/10). Calculate the greatest common divisor of 25 and c.
25
Let t = 17 - 16. Let z be -3 + 2 + 14/t. Let q = -99 + 216. Calculate the greatest common factor of z and q.
13
Suppose 0 = -3*g - 5*u + 14, 3*u = g - 0*g. Let r be -2*(-3 - (-65)/10). Let a be (-21)/(-49) + (-4)/r. What is the greatest common factor of g and a?
1
Let u(z) = 10 - 11*z**3 + 6*z**2 + 12*z**3 + 5*z**2. Let f be u(-9). What is the greatest common divisor of 43 and f?
43
Suppose 4*i + 5*w - 2*w = 42, 39 = 5*i - 3*w. Calculate the greatest common divisor of i and 69.
3
Let j = -628 + 657. What is the highest common divisor of j and 464?
29
Suppose 121 + 131 = 4*z + 4*h, -5*h - 270 = -4*z. Calculate the greatest common factor of z and 5.
5
Suppose -207 + 81 = -9*b. What is the greatest common divisor of 49 and b?
7
Suppose -2*b - 3328 = -18*b. Suppose 44 = 2*o - b. Calculate the greatest common divisor of o and 18.
18
Let k be (-5 + 4)*(-91)/(-1)*1. Let m = k + 94. What is the highest common factor of 15 and m?
3
Suppose 0 = 6*g + 8 - 368. Suppose g = -142*o + 146*o. Calculate the highest common divisor of o and 120.
15
Let o = 1540 - 1284. What is the greatest common factor of 16 and o?
16
Let o be ((-216)/(-40))/(37/(-10) + 4). What is the highest common divisor of o and 42?
6
Suppose m = 5*m - 20. Let r = m + 20. Suppose -4*u = -31 - r. Calculate the greatest common factor of 98 and u.
14
Let j(g) = -g**3 + 15*g**2 + 9*g - 55. Let v be j(15). What is the greatest common factor of v and 220?
20
Suppose 5*b - 10 = -4*s - s, -4*b = -4*s - 24. Suppose w = -3*i + 3*w + 120, -3*w = b*i - 160. Calculate the highest common divisor of 16 and i.
8
Let f = -999 - -1133. Calculate the highest common factor of f and 8.
2
Let w(a) = a**2 + 24*a + 31. Let p be w(-23). What is the greatest common factor of 10 and p?
2
Suppose -3*v + 42 + 3 = 0. Suppose 0 = -5*q + w + 93, 4 - 70 = -4*q - 2*w. Suppose 0 = -q*s + 21*s - 180. What is the greatest common divisor of v and s?
15
Suppose 6 = 2*m + 4*a, 5*a = m - 2 - 15. Let z = 1476 - 1462. Calculate the greatest common factor of z and m.
7
Suppose 24*x - 90 = 6*x. Let s be 5 + 2/1 + -4. Suppose -4*c = -4*h - s + 7, 3*c = -x*h + 13. What is the greatest common divisor of c and 1?
1
Suppose -5*u - 5*j + 1630 = 0, 2*j = -3*u + j + 974. Suppose u = -o - 237. Let k be (-6)/(-21) + o/(-21). Calculate the highest common factor of 9 and k.
9
Let m(s) = -12*s - 4. Let f = 3 - 7. Let v be m(f). Calculate the greatest common divisor of 4 and v.
4
Suppose 61 = 10*y - 29. Calculate the greatest common factor of 5 and y.
1
Let i(m) = 2*m**2 + 9*m + 7. Let h be i(-4). Suppose 2*l - 17 = -h*n - 3*l, 3*l = 4*n - 71. Calculate the greatest common factor of 21 and n.
7
Let p(q) = 21*q**3 + q**2 - 3*q - 38*q**3 + 5 - 1 + 18*q**3. Let h be p(3). Calculate the highest common divisor of h and 155.
31
Let o(g) = -g**3 + 2*g**2 + 7*g + 6. Let t be (-12)/(-9)*(3 + -6). Let w be o(t). Suppose p - w = 58. Calculate the highest common divisor of p and 12.
12
Suppose -51*q = -48*q - 1152. Calculate the greatest common divisor of q and 36.
12
Suppose 6*w = w - 4*k + 32, 2*k - 26 = -5*w. Let j be (0 + -12)*(-4 - 44/(-12)). Suppose -9*a + j*a = -180. What is the highest common factor of a and w?
4
Suppose 5*m = -w + 26, w - 4*m + 28 = 3*w. Suppose -5*z + 89 = 4*t, -38 = 4*t - w*t + 4*z. Calculate the greatest common divisor of 14 and t.
7
Suppose 0 = -k + 2*w + 54, 6*w = 3*k + 10*w - 162. Let x = 7 - -6. Let c = x + -7. Calculate the highest common factor of k and c.
6
Suppose 5 = 5*f + 2*m - 6, 3*m - 9 = -5*f. Let l be (2 - (3 - -1)) + 42/3. Calculate the highest common divisor of f and l.
3
Let g be 2/(1/(-2) + (-4)/(-4)). Suppose g*r + 25 = 2*t - 55, -5*t - 3*r = -135. What is the greatest common divisor of 10 and t?
10
Suppose 6*b - 33 - 21 = 0. Let m be (-13)/52 - b/(-4). What is the greatest common divisor of 6 and m?
2
Let a be (-216 - 0)/(50/(-25)). Calculate the highest common factor of a and 540.
108
Suppose -2*u + 407 - 67 = 0. Suppose -4*s + 8*s = 5*n - 38, -4*n + 3*s = -31. What is the highest common factor of u and n?
10
Suppose -404 = -8*u + 556. Calculate the greatest common factor of 30 and u.
30
Suppose 2*m - 20 = 2*q, -m - 5 = -5*m - 3*q. Suppose -5*x = 4*y - 13, -m*x + 3 + 8 = 3*y. Calculate the highest common factor of 22 and y.
2
Let o(m) = 90*m - 520. Let h be o(6). What is the greatest common factor of 30 and h?
10
Let c be (-112)/(-21) + (-2)/6. Suppose -4*f + 27 = -8*u + c*u, 3*f - 24 = 3*u. What is the greatest common factor of f and 9?
3
Let t be (-5)/((-5)/(-4)) - -58. Calculate the highest common factor of 27 and t.
27
Suppose 20 = -2*n + 50. Let c be 2 + (-221)/119 - 208/(-14). Calculate the highest common factor of c and n.
15
Let x(f) = -14*f - 4. Let q be x(-6). Calculate the highest common factor of 16 and q.
16
Suppose 0 = -3*m + 4 + 2, -3*f - 2*m + 28 = 0. Suppose 0 = 5*z - 3*w - 31 - 18, 2*w = 4*z - 38. What is the highest common factor of z and f?
8
Let d = 22 + 88. Let q be (-1 + 16)*(-184)/(-276). What is the highest common divisor of d and q?
10
Let i be (1 - 0)/((-3)/(-18)). Suppose -4*o = a - 9, -6*o + 2*o - 4*a = 0. Calculate the highest common factor of o and i.
3
Let f(o) = -17 + 18*o**2 + 27*o + 9*o**2 - 2 - 25*o**2. Let y be f(-15). What is the highest common factor of y and 65?
13
Let j(r) be the third derivative of -r**4/24 - 2*r**3/3 - 8*r**2. Let a be j(-8). Suppose 25 = a*i - 11. Calculate the greatest common factor of i and 36.
9
Let l(a) = -a**2 + 42*a + 271. Let z be l(41). What is the highest common factor of 1040 and z?
104
Suppose 0 = -4*q - 23 + 283. Suppose 0*p - 5 = -p, 19 = -t + 3*p. Let y be (-3 - (t + 5)) + 30. What is the highest common divisor of q and y?
13
Let j(a) = -a**2 - 24*a + 36. Let h be j(-25). What is the greatest common divisor of h and 176?
11
Let z be 13/(39/(-440))*42/(-5). What is the highest common factor of 112 and z?
112
Let n(i) = 2*i**3 - 3*i**2 + 6*i - 8. Let w be n(2). Let h = 47 - 39. W